 u(-418).
17
Let g(h) = 57*h**3 + 2*h**2 - 127*h - 129. Determine g(-1).
-57
Let l(a) = -7*a**2 - 4139*a - 591126. What is l(-350)?
24
Let l(h) = 8*h**2 + 492*h - 293. What is l(-63)?
463
Let c(t) = 196*t**3 + 3*t**2 + 194*t + 379. Give c(-2).
-1565
Let b(s) = -5*s**2 + 50*s + 410. Determine b(-10).
-590
Let y(z) = z**2 + 9163*z - 45902. Determine y(5).
-62
Let o(x) = -1392*x + 45274. What is o(33)?
-662
Let o(c) = -c**2 - 15*c + 116491. Calculate o(-347).
1287
Let m(o) = o**3 - 20*o**2 + 17*o - 421. Give m(21).
377
Let h(d) = -648*d**2 + 116634*d + 1075. Give h(180).
-5
Let i(v) = -769*v + 6861. Give i(9).
-60
Let u(o) = 170*o + 8584. Calculate u(-54).
-596
Let h(q) = 172*q - 1718. Calculate h(8).
-342
Let f(l) = -2*l**2 - 105897*l - 741228. Calculate f(-7).
-47
Let h(d) = d**3 - 3*d**2 + 1742*d + 1549. Determine h(0).
1549
Let p(x) = 86*x + 976. What is p(3)?
1234
Let y(t) = -19*t**2 + 1277*t + 72742. Give y(104).
46
Let b(v) = -150*v**2 + 4957*v - 313. Give b(33).
-82
Let q(v) = -65*v**2 - 4070*v + 679. What is q(-63)?
-896
Let s(q) = -115544*q - 1039895. Determine s(-9).
1
Let h(c) = 7*c**2 - 2379*c + 7230. Give h(335).
-4160
Let s(m) = -16199*m - 113468. Determine s(-7).
-75
Let h(c) = 1291830*c - 45214053. Determine h(35).
-3
Let v(p) = 9*p**2 + 233*p - 3549. Give v(16).
2483
Let g(y) = 20178*y + 181606. Give g(-9).
4
Let n(w) = 2*w**3 + 11*w**2 + 6*w + 139. Determine n(-11).
-1258
Let k(j) = 63*j**3 + 9970*j**2 + 22154*j + 304. Calculate k(-156).
-8
Let t(c) = c**3 - 152*c**2 + 739*c - 639. Calculate t(147).
-51
Let l(s) = -26*s**3 + 138*s**2 + 3*s - 51. Determine l(5).
164
Let a(f) = 1288*f - 11854. What is a(10)?
1026
Let m(a) = -288780*a + 8663408. What is m(30)?
8
Let o(f) = 4*f**3 + 1871*f**2 - 2341*f + 1869. What is o(-469)?
-7
Let f(a) = 4754*a + 32761. Give f(-7).
-517
Let g(q) = 178*q**2 - 9971*q + 52. Calculate g(56).
-116
Let q(j) = j**3 + 92*j**2 + 270*j - 23. Give q(-89).
-290
Let k(s) = -s**2 + 79978*s + 959928. What is k(-12)?
48
Let a(s) = 433*s - 78772. What is a(185)?
1333
Let v(p) = 17446*p - 488501. Determine v(28).
-13
Let d(o) = 42*o**2 + 2420*o + 3810. Determine d(-56).
2
Let p(a) = -3*a**3 + 20*a**2 + 730*a - 6457. Determine p(12).
-1
Let o(s) = 31*s**3 - 18*s**2 + 33*s + 17. Determine o(5).
3607
Let b(o) = -2*o**3 + 861*o**2 - 7261*o + 36713. Determine b(422).
-1
Let d(s) = -4*s**2 - 8248*s - 32917. Give d(-4).
11
Let f(n) = 5998*n + 731893. Determine f(-122).
137
Let n(f) = 143*f**2 + 3420*f + 65. Calculate n(-24).
353
Let c(b) = 18*b**3 - 3365*b**2 - 198*b + 2064. Give c(187).
7
Let z(u) = -1112*u**2 + 522*u + 520. What is z(-1)?
-1114
Let n(m) = -93*m**2 - 4271*m - 4. Determine n(-46).
-326
Let g(n) = -4*n**2 + 114*n - 2227. Determine g(32).
-2675
Let g(v) = 2*v**3 - 38*v**2 - 153*v + 3439. Determine g(18).
37
Let j(k) = 11*k**3 + 8757*k**2 + 805*k + 7156. Calculate j(-796).
-8
Let f(k) = 7*k**2 + 514*k + 4188. Determine f(-64).
-36
Let b(y) = 61*y - 4824. Determine b(72).
-432
Let k(y) = -1986*y + 172757. What is k(87)?
-25
Let j(b) = 38345*b + 383409. What is j(-10)?
-41
Let l(j) = 39146*j - 2466197. Determine l(63).
1
Let x(h) = 8629*h + 14996. What is x(-2)?
-2262
Let m(y) = -34*y**2 + 174*y - 14. Determine m(5).
6
Let v(w) = -9536*w + 58478. Calculate v(6).
1262
Let y(r) = 110272*r + 1764354. What is y(-16)?
2
Let q(z) = z**2 + 143448*z + 5592942. Give q(-39).
-9
Let b(a) = -a**3 - 20*a**2 - 852*a - 14330. What is b(-17)?
-713
Let d(m) = 21847*m + 2359469. Determine d(-108).
-7
Let q(o) = -125526*o + 1129715. What is q(9)?
-19
Let h(o) = -16565*o - 463836. Calculate h(-28).
-16
Let i(y) = -y**3 + 41*y**2 + 1558*y + 127. Determine i(65).
-3
Let i(z) = -z**2 - 115330*z + 1614822. What is i(14)?
6
Let b(p) = -61*p - 9305. Determine b(-124).
-1741
Let j(a) = -1033*a + 17429. What is j(17)?
-132
Let p(m) = 1347*m + 25. What is p(0)?
25
Let k(x) = -89*x + 1109. Determine k(11).
130
Let f(v) = -113972*v + 227935. What is f(2)?
-9
Let s(g) = -500*g + 3982. Give s(8).
-18
Let n(k) = 3*k**2 - 32*k - 461. Determine n(-14).
575
Let f(w) = -321*w + 288590. What is f(899)?
11
Let z(p) = 21326*p + 64317. Determine z(-3).
339
Let t(c) = -940*c**2 + 3042*c - 699. Give t(3).
-33
Let l(y) = y**3 - 8*y**2 + 81*y + 485. Calculate l(-4).
-31
Let r(d) = 7658*d - 76597. Determine r(10).
-17
Let d(n) = -n**3 - 16*n**2 + 46716*n + 374237. Give d(-8).
-3
Let m(a) = -4638*a + 23498. Give m(5).
308
Let i(v) = -39*v**2 - 3551*v - 177. Determine i(-91).
5
Let x(c) = 40*c**2 + 297*c - 1258. What is x(3)?
-7
Let g(o) = 129*o**2 + 17*o - 104. Determine g(-1).
8
Let c(b) = -b**3 - 146*b**2 + 235*b - 8844. Calculate c(-148).
184
Let p(s) = -4*s**2 + 229*s + 14876. What is p(96)?
-4
Let q(a) = 2*a**2 + 56470*a - 621422. Give q(11).
-10
Let t(u) = 8*u**3 + 182*u**2 - 54*u + 211. Calculate t(-23).
395
Let p(r) = 273*r**2 + 11889*r - 5405. Calculate p(-44).
7
Let f(o) = 3085*o**2 + 9275*o + 49. Give f(-3).
-11
Let y(m) = -719475*m - 7914227. What is y(-11)?
-2
Let y(i) = -5601*i**2 + 72808*i + 58. Give y(13).
-7
Let o(x) = -x**2 - 220*x - 6955. Determine o(-191).
-1416
Let q(l) = 4*l**3 + 39*l**2 + 151*l + 1427. Calculate q(-10).
-183
Let k(q) = 2*q**2 - 179*q + 2473. Calculate k(73).
64
Let t(g) = -g**3 - 87*g**2 - 140*g + 2438. What is t(-85)?
-112
Let j(x) = x**3 + 17*x**2 + 75*x + 381. Calculate j(-13).
82
Let c(s) = -434250*s + 4776764. Give c(11).
14
Let y(f) = -11*f**3 - 603*f**2 + 72*f - 2083. Give y(-55).
7
Let y(l) = 5*l**3 - 2*l**2 - 56391*l + 56393. Give y(1).
5
Let d(b) = -b**2 - 20*b + 420. What is d(-45)?
-705
Let c(r) = 383872*r - 2303213. What is c(6)?
19
Let g(x) = -433*x**3 + 1450*x + 1449. What is g(-1)?
432
Let k(f) = -3433*f + 1373518. Determine k(400).
318
Let c(f) = -58*f + 3769. Calculate c(72).
-407
Let q(g) = 18*g**3 + 644*g**2 + 489*g - 74. Calculate q(-35).
-39
Let d(w) = -7116*w - 14178. What is d(-2)?
54
Let j(n) = -n**2 + 224*n - 12410. Determine j(107).
109
Let u(h) = h**3 - 113*h**2 + 1202*h + 33889. Calculate u(97).
-61
Let j(i) = 16*i**3 + 377*i**2 - 2286*i + 9. What is j(5)?
4
Let y(h) = -h**2 + 169*h + 13793. What is y(230)?
-237
Let s(u) = -229858*u - 229782. Give s(-1).
76
Let t(r) = 2*r**3 + 5*r**2 - 28*r + 457. Determine t(-10).
-763
Let x(t) = 4410*t - 167687. Calculate x(38).
-107
Let n(u) = u**3 + 189*u**2 - 5344*u - 165. Give n(25).
-15
Let y(i) = -12*i**2 - 99*i + 47. Determine y(-8).
71
Let v(s) = -s**3 - 29*s**2 + 87*s + 324. Determine v(-31).
-451
Let z(a) = -187*a**2 - 40*a + 70. What is z(3)?
-1733
Let x(t) = -380*t + 21707. What is x(56)?
427
Let i(u) = 164*u**2 - 14272*u + 274. Calculate i(87).
-74
Let v(k) = -k**3 - 408*k**2 - 2428*k - 35. Calculate v(-6).
61
Let b(r) = 167*r - 3596. Determine b(17).
-757
Let b(a) = 3*a**3 + 137*a**2 + 119*a + 10. Determine b(-45).
-1295
Let a(l) = 2*l**2 + 503*l + 13. Calculate a(0).
13
Let g(h) = 3*h**3 + 17*h**2 - 426*h - 443. Give g(10).
-3
Let c(d) = 13*d**3 - d**2 + 1171*d + 2356. What is c(-2)?
-94
Let a(s) = 8013*s - 56077. Calculate a(7).
14
Let w(y) = 2*y**2 - 265*y - 98157. Determine w(-165).
18
Let z(s) = s**2 + 76898*s - 461438. Calculate z(6).
-14
Let x(q) = -1672*q - 30450. What is x(-18)?
-354
Let s(j) = -j**2 - 603*j - 76620. Determine s(-182).
2
Let a(h) = -7187*h - 2299844. Calculate a(-320).
-4
Let r(x) = 132*x - 2369. Give r(11).
-917
Let b(s) = 718*s - 20053. What is b(27)?
-667
Let c(j) = 539*j**2 + 395*j - 400. Give c(1).
534
Let b(w) = -3*w**2 + 12082*w - 60348. Calculate b(5).
-13
Let k(m) = 140937*m + 16630563. Give k(-118).
-3
Let p(s) = -61*s**2 + 482*s - 772. What is p(7)?
-387
Let p(n) = 844967*n - 43093314. Give p(51).
3
Let y(f) = 69285*f - 484996. Give y(7).
-1
Let y(x) = x**2 + 21*x - 18810. What is y(-148)?
-14
Let y(h) = -1623*h + 156339. What is y(96)?
531
Let i(t) = 862*t**2 + 37071*t + 207. What is i(-43)?
-8
Let s(f) = -376*f - 6622. What is s(-17)?
-230
Let f(b) = -69792*b - 279163. Determine f(-4).
5
Let o(h) = h**3 + 28*h**2 + 331*h + 2453. Determine o(-17).
5
Let y(d) = 129*d**2 - 252*d - 4588. Calculate y(7).
-31
Let g(a) = 2*a**3 - 25*a**2 - 2180*a - 13345. Calculate g(-7).
4
Let b(x) = x**3 + 20*x**2 + 41*x - 18. Determine b(-17).
152
Let s(i) = -385*i + 4986. Give s(13).
-19
Let j(l) = 2*l**2 + 3781*l -